at is -337 - -2400074?
2377535
In base 15, what is a272 - -2b8?
a53a
In base 6, what is 1050101 - -1055?
1051200
In base 5, what is -10 - 43230422110?
-43230422120
In base 13, what is 5 + -b9171?
-b9169
In base 13, what is -3182a82 - 3?
-3182a85
In base 3, what is 2012 - 20122212100012?
-20122212021000
In base 10, what is 2 - 140616?
-140614
In base 16, what is 141bde - 0?
141bde
In base 7, what is -3145 + -4300?
-10445
In base 3, what is -10 + 111000021201010?
111000021201000
In base 6, what is -133431 + 50453?
-42534
In base 11, what is -13622 - -327?
-132a6
In base 14, what is aa50145 + -2?
aa50143
In base 4, what is -20 + 111120303122?
111120303102
In base 9, what is 304667732 + 1?
304667733
In base 9, what is -16275883 - 2?
-16275885
In base 6, what is -1352 + 100240103?
100234311
In base 12, what is 7760897 - 0?
7760897
In base 13, what is -23aaa08c + 5?
-23aaa087
In base 13, what is 9 + -12b9c82?
-12b9c76
In base 4, what is 13303210 - 12110111?
1133033
In base 15, what is 1 - -b923ba?
b923bb
In base 13, what is 5985034 + -a?
5985027
In base 9, what is -670512 - 43?
-670555
In base 15, what is 8c1c92 - 0?
8c1c92
In base 3, what is 121020000121211 + -21?
121020000121120
In base 2, what is 100011010111 - 11101110101?
101100010
In base 2, what is -11001 + 11111101111001010?
11111101110110001
In base 7, what is -132361305 + 53?
-132361222
In base 16, what is -d4a513 - 3?
-d4a516
In base 5, what is -10 - -1004304222?
1004304212
In base 3, what is 121102210101 - -200010?
121110110111
In base 6, what is 5014 - -21404?
30422
In base 13, what is -76446561 + -5?
-76446566
In base 10, what is 15605 - 1407?
14198
In base 9, what is -2 - -12003371?
12003368
In base 9, what is -4617264 + -1?
-4617265
In base 9, what is -1846 - -126883?
125036
In base 4, what is -200 - 1120120101?
-1120120301
In base 13, what is 3 + -9c12956?
-9c12953
In base 9, what is 77620 - 2?
77617
In base 11, what is -11783212 + 1?
-11783211
In base 8, what is -2 + 110352141?
110352137
In base 16, what is 14d72d + 10?
14d73d
In base 14, what is b7cd259 + -3?
b7cd256
In base 6, what is 451 + 53451402?
53452253
In base 16, what is 2f8276 - 5?
2f8271
In base 4, what is 2 + 1233303103330?
1233303103332
In base 9, what is -15740455 - 3?
-15740458
In base 6, what is -3521130201 + 2?
-3521130155
In base 11, what is 3 - -6381761?
6381764
In base 16, what is 5 - -bca80e?
bca813
In base 14, what is 9c453 - 4c?
9c405
In base 13, what is -361bb2a2 + -4?
-361bb2a6
In base 10, what is 490 - 432?
58
In base 5, what is 1002310301 - -3?
1002310304
In base 12, what is 2 + -1259b09?
-1259b07
In base 12, what is -43925a + 21?
-439239
In base 13, what is -947 - -88?
-88c
In base 5, what is 30 + 1033321130?
1033321210
In base 3, what is 1002001 + 12221012020?
12222021021
In base 7, what is -10453420242 - -1?
-10453420241
In base 13, what is 386a3 + 9?
386ac
In base 11, what is -5144235 + -25?
-514425a
In base 5, what is -13 - -3012332444?
3012332431
In base 12, what is 64 - 11278?
-11214
In base 15, what is 9d895 + -445?
9d450
In base 7, what is 13251242351 - -4?
13251242355
In base 14, what is 60 - -136445?
1364a5
In base 7, what is -32 + -331605?
-331640
In base 2, what is 1001111001010000100101100010 + 1?
1001111001010000100101100011
In base 4, what is 3310111032 - 2?
3310111030
In base 6, what is 340513541 - 0?
340513541
In base 4, what is 2020113 + -33021?
1321032
In base 10, what is 4665807 + 5?
4665812
In base 10, what is -64 + 199181?
199117
In base 12, what is 5 - 1226366?
-1226361
In base 2, what is 10011111 - 110011111010101100?
-110011111000001101
In base 16, what is 20c6 - -88b?
2951
In base 7, what is -305111 - -43?
-305035
In base 10, what is 797860 + -6?
797854
In base 14, what is 69 + -1352c?
-134a3
In base 11, what is 12 - 42342a1?
-423428a
In base 15, what is -c + -bd0d24?
-bd0d31
In base 9, what is -765042 + -8?
-765051
In base 13, what is -4210a5 + 1c?
-421086
In base 16, what is -22defe - 5?
-22df03
In base 6, what is 4 - -313513032?
313513040
In base 3, what is -1022001010 - 22011?
-1022100021
In base 13, what is 205 - -2135b?
21563
In base 15, what is -29b35ea - 5?
-29b3600
In base 3, what is 220210101010210100 - -2?
220210101010210102
In base 15, what is 5c9ea8 - 2?
5c9ea6
In base 7, what is -345636 - -110?
-345526
In base 7, what is 61050562 - 3?
61050556
In base 5, what is 3343400333204 + -2?
3343400333202
In base 8, what is 3 + 61672230?
61672233
In base 16, what is -4ea38 + 50f?
-4e529
In base 6, what is -3 - 411301423?
-411301430
In base 7, what is 5 - 506405?
-506400
In base 7, what is -115 + -561033?
-561151
In base 9, what is 502 + -553407?
-552805
In base 5, what is -1 - 130034322032?
-130034322033
In base 8, what is 5771 + 64114?
72105
In base 12, what is 37a8040 + -2?
37a803a
In base 13, what is 1539b - -528?
158c6
In base 8, what is 3 - -115751372?
115751375
In base 8, what is -14 + 13743763?
13743747
In base 9, what is 6513087 + -2?
6513085
In base 7, what is 2 + -101310026?
-101310024
In base 16, what is -8452 - 99?
-84eb
In base 15, what is -294e1c4 - 1?
-294e1c5
In base 9, what is 3 - 4433851?
-4433847
In base 14, what is 12b2 + -b0c?
5a4
In base 10, what is -229767 - 45?
-229812
In base 6, what is -14 + 22400005?
22355551
In base 10, what is -472010 + 15?
-471995
In base 3, what is -12010100212 + 12?
-12010100200
In base 14, what is 7c + -15389?
-1530b
In base 4, what is -11 + -211020030102?
-211020030113
In base 14, what is -20a + -dd9d2?
-ddbdc
In base 8, what is -1673540 - 41?
-1673601
In base 6, what is 1232310430 + 13?
1232310443
In base 11, what is -1619410 - 3?
-1619413
In base 15, what is 3 - 957116?
-957113
In base 14, what is 292a + 27c0a?
2a736
In base 10, what is -427248863 + 3?
-427248860
In base 15, what is -14a + ce650?
ce505
In base 8, what is -15765401444 + -5?
-15765401451
In base 2, what is 1010010010001 - -101111111000010?
111010001010011
In base 13, what is 133 - -562c28?
56305b
In base 5, what is -1203414303 - -120?
-1203414133
In base 4, what is -2223222132 + -123?
-2223222321
In base 13, what is -130 - 15a84?
-15bb4
In base 9, what is -117184 + -10432?
-127626
In base 4, what is 2 - -102100101020?
102100101022
In base 9, what is 4242324 - -167?
4242502
In base 9, what is 14728130 + 84?
14728224
In base 10, what is 21441999 + 2?
21442001
In base 8, what is 15633 - 2500?
13133
In base 5, what is 40324 - 23220?
12104
In base 16, what is 2949 - -128a?
3bd3
In base 9, what is -5 - -15050286?
15050281
In base 7, what is -2333 + -344023?
-346356
In base 16, what is -ec96f + 7?
-ec968
In base 5, what is 10040121 - -23?
10040144
In base 9, what is -248645 + 5360?
-243275
In base 15, what is 5 + 85916a?
859170
In base 16, what is 17 - beed5?
-beebe
In base 7, what is 30014203 + -3?
30014200
In base 2, what is -1000001011101100110100 - -10?
-1000001011101100110010
In base 8, what is 14744 + -123?
14621
In base 2, what is 10 - -10000111011001110111110?
10000111011001111000000
In base 7, what is -335330 - 42?
-335402
In base 2, what is 11 + 111000011100100100101?
111000011100100101000
In base 13, what is -132570 + 28?
-132545
In base 3, what is -1011021221020222 + 11?
-1011021221020211
In base 15, what is 4 + -db7bad0?
-db7bacb
In base 10, what is -94261301 + 6?
-94261295
In base 9, what is -2437 + -2016?
-4454
In base 8, what is -155336207 - -4?
-155336203
In base 16, what is -d + -aa991?
-aa99e
In base 7, what is -11020222 - 44?
-11020266
In base 5, what is -1244130 + -10031?
-1304211
In base 5, what is 13402243142 - -23?
13402243220
In base 8, what is -101 + 1313212?
1313111
In base 9, what is -2 - -57052507?
57052505
In base 11, what is -2 - -118608641?
11860863a
In base 15, what is -b09ee6 - -25?
-b09ec1
In base 11, what is 540 - 3659?
-3119
In base 4, what is -1 + -1020302033122?
-1020302033123
In base 8, what is 314 + -177074?
-176560
In base 16, what is 3c6c5e4 + -2?
3c6c5e2
In base 11, what is 4 + 63298a00?
63298a04
In base 4, what is -2200213222122 + -13?
-2200213222201
In base 5, what is -40441321 + -203?
-40442024
In base 4, what is -12322300 - 121033?
-13103333
In base 16, what is -652c11 + 1?
-652c10
In base 2, what is -10100 + 10011111111010110011?
10011111111010011111
In base 12, what is -7 + 662873?
662868
In base 2, what is -1